{"id":1450,"date":"2025-08-13T12:21:41","date_gmt":"2025-08-13T12:21:41","guid":{"rendered":"https:\/\/www.fr.schrevens-michiels-law.be\/?page_id=1450"},"modified":"2025-08-13T12:21:41","modified_gmt":"2025-08-13T12:21:41","slug":"que-faire-si-votre-enfant-consomme-peut-etre-de-la-drogue","status":"publish","type":"page","link":"https:\/\/www.fr.schrevens-michiels-law.be\/?page_id=1450","title":{"rendered":"Que faire si votre enfant consomme (peut-\u00eatre) de la drogue ?"},"content":{"rendered":"<p><a href=\"https:\/\/desleutel.be\/\" target=\"_blank\" rel=\"noopener\"><img loading=\"lazy\" decoding=\"async\" class=\"alignleft wp-image-1490 size-medium\" title=\"De Sleutel\" src=\"http:\/\/www.schrevens-michiels-law.be\/wp-content\/uploads\/2025\/04\/WhatsApp-Image-2025-04-10-at-12.59.46-e1744302933385-236x300.jpeg\" alt=\"https:\/\/vad.be\/preventie-en-hulpverlening\/ouders-opvoedingsondersteuning\/\" width=\"236\" height=\"300\" \/><\/a><\/p>\n<h3 data-start=\"50\" data-end=\"117\"><strong data-start=\"50\" data-end=\"115\">Que faire si votre enfant consomme (peut-\u00eatre) de la drogue ?<\/strong><\/h3>\n<p data-start=\"119\" data-end=\"214\">Et que faire s\u2019il ou elle est soudainement convoqu\u00e9(e) pour un interrogatoire par la police ?<\/p>\n<p data-start=\"216\" data-end=\"529\">De plus en plus souvent, en tant que cabinet d\u2019avocats, nous recevons des questions de parents inquiets :<br data-start=\"321\" data-end=\"324\" \/>\u00ab Que faire si je soup\u00e7onne que mon enfant consomme de la drogue ? \u00bb<br data-start=\"392\" data-end=\"395\" \/>\u00ab Que signifie le fait que mon fils ou ma fille soit convoqu\u00e9(e) pour un interrogatoire par la police pour possession de drogues ? \u00bb<\/p>\n<p data-start=\"531\" data-end=\"629\">L\u2019inqui\u00e9tude est r\u00e9elle. La situation, souvent complexe. Et la r\u00e9ponse ? Rarement noir ou blanc.<\/p>\n<p data-start=\"631\" data-end=\"829\"><strong data-start=\"631\" data-end=\"646\">Me Michiels<\/strong>, de notre cabinet, a particip\u00e9 \u00e0 une s\u00e9ance d\u2019information marquante et particuli\u00e8rement enrichissante organis\u00e9e par <strong data-start=\"763\" data-end=\"777\">De Sleutel<\/strong> \u00e0 Bruges, anim\u00e9e par <strong data-start=\"799\" data-end=\"826\">Mme Hilde Vandewoestyne<\/strong>.<\/p>\n<p data-start=\"831\" data-end=\"920\"><strong data-start=\"831\" data-end=\"845\">Le th\u00e8me :<\/strong> la consommation de drogues et son impact sur les jeunes et les familles.<\/p>\n<hr class=\"\" data-start=\"1271\" data-end=\"1274\" \/>\n<h3 data-start=\"927\" data-end=\"966\">Un autre regard sur la consommation<\/h3>\n<p data-start=\"968\" data-end=\"1324\">Ce qui a rendu cette s\u00e9ance si pr\u00e9cieuse, c\u2019est l\u2019approche nuanc\u00e9e adopt\u00e9e. <strong data-start=\"1044\" data-end=\"1058\">De Sleutel<\/strong> ne plaide pas pour des jugements rapides ou des solutions simplistes, mais pour la compr\u00e9hension, l\u2019aide pr\u00e9coce et un dialogue ouvert. Ils mettent en avant l\u2019importance de la pr\u00e9vention, de l\u2019accompagnement <strong data-start=\"1267\" data-end=\"1273\">et<\/strong> de la r\u00e9insertion, plut\u00f4t que la stigmatisation.<\/p>\n<p data-start=\"968\" data-end=\"1324\"><strong data-start=\"1326\" data-end=\"1358\">Les chiffres ne mentent pas.<\/strong><br data-start=\"1358\" data-end=\"1361\" \/>La consommation d\u2019alcool, de cannabis et d\u2019autres substances continue d\u2019augmenter, surtout chez les jeunes. Mais ce que <strong data-start=\"1481\" data-end=\"1495\">De Sleutel<\/strong> a surtout soulign\u00e9, c\u2019est que derri\u00e8re chaque chiffre se cache une personne. Un jeune avec son histoire. Un parent inquiet. Un entourage en proie \u00e0 l\u2019incompr\u00e9hension et \u00e0 l\u2019impuissance.<\/p>\n<hr class=\"\" data-start=\"1663\" data-end=\"1666\" \/>\n<h3 data-start=\"1690\" data-end=\"1744\">Ce que nous retenons en tant que cabinet d\u2019avocats<\/h3>\n<p data-start=\"1746\" data-end=\"2026\">En tant que cabinet d\u2019avocats, nous voulons \u00eatre pr\u00e9sents pour les familles en situation de vuln\u00e9rabilit\u00e9. Cette pr\u00e9sentation nous a rappel\u00e9 combien il est important d\u2019\u00e9couter sans juger, de s\u2019attaquer aux probl\u00e8mes structurels et de rendre visibles les services d\u2019aide fiables.<\/p>\n<hr class=\"\" data-start=\"2020\" data-end=\"2023\" \/>\n<h3 data-start=\"2033\" data-end=\"2055\">Merci \u00e0 De Sleutel<\/h3>\n<p data-start=\"2057\" data-end=\"2280\">Nous sommes reconnaissants pour les id\u00e9es, les t\u00e9moignages et l\u2019expertise qu\u2019ils ont partag\u00e9s avec nous. Ce fut non seulement une soir\u00e9e riche en connaissances, mais aussi un moment de prise de conscience et d\u2019engagement.<\/p>\n<hr class=\"\" data-start=\"2231\" data-end=\"2234\" \/>\n<p data-start=\"2287\" data-end=\"2307\"><strong data-start=\"2287\" data-end=\"2305\">Plus d\u2019infos ?<\/strong><\/p>\n<p data-start=\"2309\" data-end=\"2475\">De Sleutel \u2013 <a class=\"\" href=\"https:\/\/desleutel.be\" target=\"_new\" rel=\"noopener\" data-start=\"2322\" data-end=\"2366\">https:\/\/desleutel.be<\/a><br data-start=\"2366\" data-end=\"2369\" \/>VAD \u2013 Centre flamand d\u2019expertise en mati\u00e8re d\u2019alcool et autres drogues \u2013 <a class=\"\" href=\"http:\/\/www.vad.be\" target=\"_new\" rel=\"noopener\" data-start=\"2442\" data-end=\"2473\">www.vad.be<\/a><\/p>\n<p data-start=\"2477\" data-end=\"2684\">Vous avez des questions ou des inqui\u00e9tudes concernant votre enfant, ou vous avez \u00e9t\u00e9 confront\u00e9, en tant que parent, \u00e0 une intervention juridique ?<br data-start=\"2623\" data-end=\"2626\" \/>N\u2019h\u00e9sitez pas \u00e0 nous <a href=\"https:\/\/www.fr.schrevens-michiels-law.be\/?page_id=64\">contacter<\/a> en toute confidentialit\u00e9.<\/p>\n","protected":false},"excerpt":{"rendered":"<p>Que faire si votre enfant consomme (peut-\u00eatre) de la drogue ? Et que faire s\u2019il ou elle est soudainement convoqu\u00e9(e)<\/p>\n","protected":false},"author":3,"featured_media":0,"parent":0,"menu_order":0,"comment_status":"closed","ping_status":"closed","template":"","meta":{"footnotes":""},"class_list":["post-1450","page","type-page","status-publish","hentry"],"_links":{"self":[{"href":"https:\/\/www.fr.schrevens-michiels-law.be\/index.php?rest_route=\/wp\/v2\/pages\/1450","targetHints":{"allow":["GET"]}}],"collection":[{"href":"https:\/\/www.fr.schrevens-michiels-law.be\/index.php?rest_route=\/wp\/v2\/pages"}],"about":[{"href":"https:\/\/www.fr.schrevens-michiels-law.be\/index.php?rest_route=\/wp\/v2\/types\/page"}],"author":[{"embeddable":true,"href":"https:\/\/www.fr.schrevens-michiels-law.be\/index.php?rest_route=\/wp\/v2\/users\/3"}],"replies":[{"embeddable":true,"href":"https:\/\/www.fr.schrevens-michiels-law.be\/index.php?rest_route=%2Fwp%2Fv2%2Fcomments&post=1450"}],"version-history":[{"count":1,"href":"https:\/\/www.fr.schrevens-michiels-law.be\/index.php?rest_route=\/wp\/v2\/pages\/1450\/revisions"}],"predecessor-version":[{"id":1451,"href":"https:\/\/www.fr.schrevens-michiels-law.be\/index.php?rest_route=\/wp\/v2\/pages\/1450\/revisions\/1451"}],"wp:attachment":[{"href":"https:\/\/www.fr.schrevens-michiels-law.be\/index.php?rest_route=%2Fwp%2Fv2%2Fmedia&parent=1450"}],"curies":[{"name":"wp","href":"https:\/\/api.w.org\/{rel}","templated":true}]}}