{"id":1452,"date":"2025-08-13T12:23:47","date_gmt":"2025-08-13T12:23:47","guid":{"rendered":"https:\/\/www.fr.schrevens-michiels-law.be\/?page_id=1452"},"modified":"2025-08-13T12:25:22","modified_gmt":"2025-08-13T12:25:22","slug":"lutilisation-des-menottes-chez-les-mineurs-une-mesure-exceptionnelle","status":"publish","type":"page","link":"https:\/\/www.fr.schrevens-michiels-law.be\/?page_id=1452","title":{"rendered":"L\u2019utilisation des menottes chez les mineurs : une mesure exceptionnelle"},"content":{"rendered":"<p><img loading=\"lazy\" decoding=\"async\" class=\"size-medium wp-image-1633 alignleft\" src=\"http:\/\/www.schrevens-michiels-law.be\/wp-content\/uploads\/2025\/05\/WhatsApp-Image-2025-05-09-at-19.08.46-225x300.jpeg\" alt=\"\" width=\"225\" height=\"300\" \/><\/p>\n<p data-start=\"129\" data-end=\"450\">L\u2019usage de menottes \u00e0 l\u2019\u00e9gard de mineurs est une mesure lourde de cons\u00e9quences, qui n\u2019est autoris\u00e9e par le droit belge que dans des circonstances exceptionnelles. La r\u00e9glementation part du principe d\u2019une interdiction g\u00e9n\u00e9rale de menotter les mineurs, avec seulement quelques exceptions limit\u00e9es et strictement d\u00e9finies.<\/p>\n<p data-start=\"452\" data-end=\"577\">Les mineurs ne peuvent \u00eatre menott\u00e9s que si cela est jug\u00e9 n\u00e9cessaire, sur la base des circonstances concr\u00e8tes de l\u2019affaire.<\/p>\n<p data-start=\"579\" data-end=\"653\">Cette n\u00e9cessit\u00e9 doit \u00eatre li\u00e9e \u00e0 un ou plusieurs des facteurs suivants :<\/p>\n<ul data-start=\"655\" data-end=\"849\">\n<li data-start=\"655\" data-end=\"721\">\n<p data-start=\"657\" data-end=\"721\">R\u00e9sistance active ou violence contre la privation de libert\u00e9 ;<\/p>\n<\/li>\n<li data-start=\"722\" data-end=\"748\">\n<p data-start=\"724\" data-end=\"748\">Risque aigu de fuite ;<\/p>\n<\/li>\n<li data-start=\"749\" data-end=\"849\">\n<p data-start=\"751\" data-end=\"849\">Danger r\u00e9el que le mineur repr\u00e9sente pour lui-m\u00eame, pour les agents de police ou pour des tiers.<\/p>\n<\/li>\n<\/ul>\n<p data-start=\"851\" data-end=\"1010\">Les menottes ne peuvent donc pas \u00eatre utilis\u00e9es \u00e0 titre pr\u00e9ventif, mais uniquement lorsqu\u2019il existe une raison imm\u00e9diate et objective justifiant leur emploi.<\/p>\n<hr \/>\n<p data-start=\"1017\" data-end=\"1070\"><strong>Limitation dans le temps et respect de la dignit\u00e9<\/strong><\/p>\n<p data-start=\"1072\" data-end=\"1371\">Si l\u2019usage des menottes est justifi\u00e9, cette mesure doit toujours \u00eatre limit\u00e9e \u00e0 la dur\u00e9e la plus courte possible. Le mineur ne peut pas \u00eatre expos\u00e9 \u00e0 une humiliation publique. La dignit\u00e9 humaine et le caract\u00e8re juv\u00e9nile de la personne concern\u00e9e doivent rester prioritaires en toutes circonstances.<\/p>\n<p data-start=\"1378\" data-end=\"1410\"><strong>Enregistrement et motivation<\/strong><\/p>\n<p data-start=\"1412\" data-end=\"1696\">Tout usage de menottes sur un mineur doit \u00eatre explicitement motiv\u00e9 et consign\u00e9. Cela se fait soit dans le proc\u00e8s-verbal, soit dans le registre des privations de libert\u00e9. Il est imp\u00e9ratif de d\u00e9montrer que les conditions l\u00e9gales \u00e9taient remplies et que la mesure \u00e9tait proportionn\u00e9e.<\/p>\n<p data-start=\"1703\" data-end=\"1793\"><strong>Fouille int\u00e9grale avec d\u00e9shabillage : uniquement apr\u00e8s privation de libert\u00e9 judiciaire<\/strong><\/p>\n<p data-start=\"1795\" data-end=\"2175\">Une mesure compl\u00e9mentaire, tout aussi sensible, est la fouille int\u00e9grale. Chez les mineurs, elle n\u2019est autoris\u00e9e que dans des conditions tr\u00e8s strictes : il doit y avoir une privation de libert\u00e9 judiciaire <strong data-start=\"2000\" data-end=\"2006\">et<\/strong> l\u2019autorisation du Procureur du Roi est requise. En outre, un enregistrement est obligatoire, afin de garantir un contr\u00f4le sur l\u2019utilisation de cette mesure intrusive.<\/p>\n<hr \/>\n<p data-start=\"2182\" data-end=\"2196\"><strong>Conclusion<\/strong><\/p>\n<p data-start=\"2198\" data-end=\"2328\">L\u2019usage des menottes chez les mineurs constitue une exception au principe de protection qui caract\u00e9rise le droit de la jeunesse.<\/p>\n<p data-start=\"2330\" data-end=\"2525\">Les agents de police comme les acteurs juridiques doivent veiller \u00e0 ce que la loi en la mati\u00e8re soit strictement respect\u00e9e et que les droits des mineurs soient garantis en toutes circonstances.<\/p>\n<p data-start=\"2527\" data-end=\"2764\">Vous avez des questions sur vos droits ou sur l\u2019application de mesures restrictives de libert\u00e9 chez les mineurs ? N\u2019h\u00e9sitez pas \u00e0 nous contacter : notre \u00e9quipe d\u2019avocats sp\u00e9cialis\u00e9s en droit de la jeunesse se tient \u00e0 votre disposition.<\/p>\n","protected":false},"excerpt":{"rendered":"<p>L\u2019usage de menottes \u00e0 l\u2019\u00e9gard de mineurs est une mesure lourde de cons\u00e9quences, qui n\u2019est autoris\u00e9e par le droit belge<\/p>\n","protected":false},"author":3,"featured_media":0,"parent":0,"menu_order":0,"comment_status":"closed","ping_status":"closed","template":"","meta":{"footnotes":""},"class_list":["post-1452","page","type-page","status-publish","hentry"],"_links":{"self":[{"href":"https:\/\/www.fr.schrevens-michiels-law.be\/index.php?rest_route=\/wp\/v2\/pages\/1452","targetHints":{"allow":["GET"]}}],"collection":[{"href":"https:\/\/www.fr.schrevens-michiels-law.be\/index.php?rest_route=\/wp\/v2\/pages"}],"about":[{"href":"https:\/\/www.fr.schrevens-michiels-law.be\/index.php?rest_route=\/wp\/v2\/types\/page"}],"author":[{"embeddable":true,"href":"https:\/\/www.fr.schrevens-michiels-law.be\/index.php?rest_route=\/wp\/v2\/users\/3"}],"replies":[{"embeddable":true,"href":"https:\/\/www.fr.schrevens-michiels-law.be\/index.php?rest_route=%2Fwp%2Fv2%2Fcomments&post=1452"}],"version-history":[{"count":2,"href":"https:\/\/www.fr.schrevens-michiels-law.be\/index.php?rest_route=\/wp\/v2\/pages\/1452\/revisions"}],"predecessor-version":[{"id":1454,"href":"https:\/\/www.fr.schrevens-michiels-law.be\/index.php?rest_route=\/wp\/v2\/pages\/1452\/revisions\/1454"}],"wp:attachment":[{"href":"https:\/\/www.fr.schrevens-michiels-law.be\/index.php?rest_route=%2Fwp%2Fv2%2Fmedia&parent=1452"}],"curies":[{"name":"wp","href":"https:\/\/api.w.org\/{rel}","templated":true}]}}