{"id":1616,"date":"2025-08-14T13:02:29","date_gmt":"2025-08-14T13:02:29","guid":{"rendered":"https:\/\/www.fr.schrevens-michiels-law.be\/?page_id=1616"},"modified":"2025-08-18T08:30:09","modified_gmt":"2025-08-18T08:30:09","slug":"que-pouvez-vous-faire-si-lacces-a-vos-petits-enfants-vous-est-refuse","status":"publish","type":"page","link":"https:\/\/www.fr.schrevens-michiels-law.be\/?page_id=1616","title":{"rendered":"Et si vous ne pouviez plus voir vos petits-enfants ?"},"content":{"rendered":"<p data-start=\"101\" data-end=\"164\"><strong data-start=\"101\" data-end=\"162\">Perte de contact apr\u00e8s une rupture entre parent et enfant<\/strong><\/p>\n<p data-start=\"166\" data-end=\"364\">Ne pas pouvoir \u00e9tablir de lien avec ses petits-enfants ou perdre le contact avec ses (petits-)enfants est l\u2019une des exp\u00e9riences les plus marquantes et douloureuses qu\u2019un grand-parent puisse vivre.<\/p>\n<p data-start=\"366\" data-end=\"567\">Il est de plus en plus fr\u00e9quent que des enfants adultes rompent le contact avec leurs parents \u2014 avec pour cons\u00e9quence que les grands-parents ne puissent plus voir leurs petits-enfants.<\/p>\n<p data-start=\"569\" data-end=\"818\">Au cabinet d\u2019avocats <strong data-start=\"590\" data-end=\"614\">Schrevens &amp; Michiels<\/strong>, nous constatons r\u00e9guli\u00e8rement \u00e0 quel point cette situation peut \u00eatre p\u00e9nible et d\u00e9stabilisante. Pourtant, il existe encore des possibilit\u00e9s \u2014 sur le plan juridique <strong data-start=\"780\" data-end=\"786\">et<\/strong> par le biais de la m\u00e9diation.<\/p>\n<hr data-start=\"820\" data-end=\"823\" \/>\n<p data-start=\"825\" data-end=\"883\">Pourquoi les enfants adultes coupent-ils les liens ?<\/p>\n<p data-start=\"885\" data-end=\"1170\">Une rupture entre un parent et un enfant ne se produit que rarement sans raison. Dans certains cas, il s\u2019agit de traumatismes graves du pass\u00e9, tels qu\u2019un abus \u00e9motionnel, physique ou sexuel. Pour ces enfants, prendre de la distance est souvent un choix (n\u00e9cessaire) pour se prot\u00e9ger.<\/p>\n<p data-start=\"1172\" data-end=\"1298\">Cependant, m\u00eame des parents ayant agi avec les meilleures intentions peuvent \u00eatre confront\u00e9s \u00e0 une rupture avec leur enfant.<\/p>\n<p data-start=\"1300\" data-end=\"1500\">Les enfants peuvent avoir un point de vue tr\u00e8s diff\u00e9rent de celui de leurs parents sur les \u00e9v\u00e9nements v\u00e9cus durant leur enfance. Les causes d\u2019une telle d\u00e9cision sont souvent complexes et multiples :<\/p>\n<ul data-start=\"1502\" data-end=\"1890\">\n<li data-start=\"1502\" data-end=\"1552\">\n<p data-start=\"1504\" data-end=\"1552\">Conflits latents ou probl\u00e8mes de communication<\/p>\n<\/li>\n<li data-start=\"1553\" data-end=\"1604\">\n<p data-start=\"1555\" data-end=\"1604\">Sentiment de ne plus faire partie de la famille<\/p>\n<\/li>\n<li data-start=\"1605\" data-end=\"1660\">\n<p data-start=\"1607\" data-end=\"1660\">Sentiment de ne plus rien partager avec les parents<\/p>\n<\/li>\n<li data-start=\"1661\" data-end=\"1717\">\n<p data-start=\"1663\" data-end=\"1717\">Diff\u00e9rence de valeurs et de normes entre g\u00e9n\u00e9rations<\/p>\n<\/li>\n<li data-start=\"1718\" data-end=\"1818\">\n<p data-start=\"1720\" data-end=\"1818\">Arriv\u00e9e d\u2019un nouveau partenaire chez le parent ou l\u2019enfant, avec lequel la relation ne passe pas<\/p>\n<\/li>\n<li data-start=\"1819\" data-end=\"1890\">\n<p data-start=\"1821\" data-end=\"1890\">Impression que les parents s\u2019immiscent trop dans la vie de l\u2019enfant<\/p>\n<\/li>\n<\/ul>\n<p data-start=\"1892\" data-end=\"2058\">Lorsque les personnes ont le sentiment de ne pas \u00eatre comprises \u00e9motionnellement, la communication devient difficile, ce qui m\u00e8ne \u00e0 l\u2019incompr\u00e9hension et au conflit.<\/p>\n<hr data-start=\"2060\" data-end=\"2063\" \/>\n<p data-start=\"2065\" data-end=\"2140\">Et si les petits-enfants disparaissent de la vie des grands-parents ?<\/p>\n<p data-start=\"2142\" data-end=\"2316\">Pour un grand-parent, une rupture avec ses enfants entra\u00eene souvent la perte du contact avec ses petits-enfants. La loi pr\u00e9voit une base claire en la mati\u00e8re.<\/p>\n<p data-start=\"2318\" data-end=\"2657\">Selon la jurisprudence de la Cour de cassation, le droit de visite des grands-parents trouve son fondement dans un principe juridique bas\u00e9 sur des liens d\u2019affection, de respect et de d\u00e9vouement d\u00e9coulant du lien de sang. Ce fondement rel\u00e8ve donc du droit naturel et a \u00e9t\u00e9 formellement organis\u00e9 par la loi (art. 375bis ancien Code civil).<\/p>\n<hr data-start=\"2659\" data-end=\"2662\" \/>\n<p data-start=\"2664\" data-end=\"2717\">Les grands-parents ont un droit l\u00e9gal de visite<\/p>\n<p data-start=\"2719\" data-end=\"2842\"><strong data-start=\"2719\" data-end=\"2737\">Concr\u00e8tement :<\/strong><br data-start=\"2737\" data-end=\"2740\" \/>Les grands-parents peuvent l\u00e9galement demander un droit de visite \u00e0 l\u2019\u00e9gard de leurs petits-enfants.<\/p>\n<p data-start=\"2844\" data-end=\"2961\">Il appartient aux parents qui refusent ce contact de prouver que celui-ci serait contraire \u00e0 l\u2019int\u00e9r\u00eat de l\u2019enfant.<\/p>\n<p data-start=\"2963\" data-end=\"3104\">La loi part du principe que le contact entre grands-parents et petits-enfants est <strong data-start=\"3045\" data-end=\"3075\">dans l\u2019int\u00e9r\u00eat de l\u2019enfant<\/strong>, sauf preuve du contraire.<\/p>\n<p data-start=\"3106\" data-end=\"3225\">Un conflit entre parent et grand-parent ne constitue donc pas, en soi, une raison suffisante pour refuser ce contact.<\/p>\n<hr data-start=\"3227\" data-end=\"3230\" \/>\n<p data-start=\"3232\" data-end=\"3264\">Quelles sont vos options ?<\/p>\n<p data-start=\"3266\" data-end=\"3412\">Au cabinet d\u2019avocats <strong data-start=\"3287\" data-end=\"3311\">Schrevens &amp; Michiels<\/strong>, nous pensons que les d\u00e9marches judiciaires ne sont pas toujours la premi\u00e8re ou la seule solution.<\/p>\n<p data-start=\"3414\" data-end=\"3692\">Dans notre pratique de m\u00e9diation familiale, nous cherchons des solutions durables et respectueuses, laissant la place \u00e0 l\u2019histoire de chacun. La m\u00e9diation permet aux parents et aux grands-parents de renouer le dialogue, avec comme principe central : <strong data-start=\"3664\" data-end=\"3689\">l\u2019int\u00e9r\u00eat de l\u2019enfant<\/strong>.<\/p>\n<p data-start=\"3694\" data-end=\"3989\">Si la m\u00e9diation \u00e9choue ou si aucune volont\u00e9 de dialogue n\u2019existe, nous pouvons \u00e9galement vous assister juridiquement pour demander un droit de visite devant le tribunal de la famille. Nos avocats, sp\u00e9cialis\u00e9s en droit de la famille, vous accompagnent avec soin tout au long de cette proc\u00e9dure.<\/p>\n<hr data-start=\"3991\" data-end=\"3994\" \/>\n<p data-start=\"3996\" data-end=\"4034\">Vous \u00eates dans cette situation ?<\/p>\n<p data-start=\"4036\" data-end=\"4352\">Vous souhaitez (re)prendre contact avec vos petits-enfants mais ne savez pas par o\u00f9 commencer ?<br data-start=\"4131\" data-end=\"4134\" \/><a href=\"https:\/\/www.fr.schrevens-michiels-law.be\/?page_id=64\">Contactez<\/a> notre cabinet sans engagement. Nous \u00e9couterons votre histoire et examinerons ensemble les \u00e9tapes possibles \u2014 par la m\u00e9diation ou par voie judiciaire \u2014 toujours dans le respect de l\u2019enfant et de son univers.<\/p>\n<h6 data-start=\"4036\" data-end=\"4352\">Source: <a href=\"https:\/\/www.standaard.be\/nieuws\/als-kinderen-scheiden-van-hun-ouders\/48053171.html\">https:\/\/www.standaard.be\/nieuws\/als-kinderen-scheiden-van-hun-ouders\/48053171.html<\/a><\/h6>\n","protected":false},"excerpt":{"rendered":"<p>Perte de contact apr\u00e8s une rupture entre parent et enfant Ne pas pouvoir \u00e9tablir de lien avec ses petits-enfants ou<\/p>\n","protected":false},"author":3,"featured_media":0,"parent":0,"menu_order":0,"comment_status":"closed","ping_status":"closed","template":"","meta":{"footnotes":""},"class_list":["post-1616","page","type-page","status-publish","hentry"],"_links":{"self":[{"href":"https:\/\/www.fr.schrevens-michiels-law.be\/index.php?rest_route=\/wp\/v2\/pages\/1616","targetHints":{"allow":["GET"]}}],"collection":[{"href":"https:\/\/www.fr.schrevens-michiels-law.be\/index.php?rest_route=\/wp\/v2\/pages"}],"about":[{"href":"https:\/\/www.fr.schrevens-michiels-law.be\/index.php?rest_route=\/wp\/v2\/types\/page"}],"author":[{"embeddable":true,"href":"https:\/\/www.fr.schrevens-michiels-law.be\/index.php?rest_route=\/wp\/v2\/users\/3"}],"replies":[{"embeddable":true,"href":"https:\/\/www.fr.schrevens-michiels-law.be\/index.php?rest_route=%2Fwp%2Fv2%2Fcomments&post=1616"}],"version-history":[{"count":5,"href":"https:\/\/www.fr.schrevens-michiels-law.be\/index.php?rest_route=\/wp\/v2\/pages\/1616\/revisions"}],"predecessor-version":[{"id":1623,"href":"https:\/\/www.fr.schrevens-michiels-law.be\/index.php?rest_route=\/wp\/v2\/pages\/1616\/revisions\/1623"}],"wp:attachment":[{"href":"https:\/\/www.fr.schrevens-michiels-law.be\/index.php?rest_route=%2Fwp%2Fv2%2Fmedia&parent=1616"}],"curies":[{"name":"wp","href":"https:\/\/api.w.org\/{rel}","templated":true}]}}