{"id":653,"date":"2018-06-22T09:24:36","date_gmt":"2018-06-22T09:24:36","guid":{"rendered":"http:\/\/www.schrevens-michiels-law.be\/?page_id=653"},"modified":"2025-08-14T07:57:04","modified_gmt":"2025-08-14T07:57:04","slug":"buitengerechtelijke-geschillenbeslechting","status":"publish","type":"page","link":"https:\/\/www.fr.schrevens-michiels-law.be\/?page_id=653","title":{"rendered":"R\u00e8glement extrajudiciaire des litiges"},"content":{"rendered":"<p data-start=\"50\" data-end=\"214\">Les avocats sont soumis au r\u00e9gime de r\u00e8glement extrajudiciaire des litiges, tel que pr\u00e9vu dans le R\u00e8glement du Barreau de Louvain, codification du 9 octobre 2009.<\/p>\n<p data-start=\"216\" data-end=\"455\">Vous pouvez obtenir plus d\u2019informations sur les caract\u00e9ristiques et les conditions d\u2019application de ce r\u00e9gime aupr\u00e8s du Barreau de Louvain, ainsi que sur le site web du Barreau de Louvain : <a class=\"\" href=\"http:\/\/www.balieleuven.be\" target=\"_new\" rel=\"noopener\" data-start=\"406\" data-end=\"453\">www.balieleuven.be<\/a><\/p>\n<h6 style=\"text-align: right;\"><a href=\"http:\/\/www.fr.schrevens-michiels-law.be\/?page_id=465\">Dispositions l\u00e9gales et autres<\/a><\/h6>\n<h6 style=\"text-align: right;\"><strong><span style=\"color: #ff0000;\">\u2192<\/span><\/strong><a href=\"http:\/\/www.fr.schrevens-michiels-law.be\/?page_id=653\">R\u00e9glement extrajudiciaire des l\u00e9tiges<\/a><\/h6>\n<h6 style=\"text-align: right;\"><a href=\"http:\/\/www.fr.schrevens-michiels-law.be\/?page_id=678\">Termes et conditions<\/a><\/h6>\n<h6 style=\"text-align: right;\"><a href=\"http:\/\/www.fr.schrevens-michiels-law.be\/?page_id=658\">Disclaimer<\/a><\/h6>\n<h6 style=\"text-align: right;\"><a href=\"http:\/\/www.fr.schrevens-michiels-law.be\/?page_id=660\">Mod\u00e8le d&#8217;accord<\/a><\/h6>\n<h6 style=\"text-align: right;\"><a href=\"http:\/\/www.fr.schrevens-michiels-law.be\/?page_id=664\">Responsabilit\u00e9 professionnelle<\/a><\/h6>\n<h6 style=\"text-align: right;\"><a href=\"http:\/\/www.fr.schrevens-michiels-law.be\/?page_id=667\">Information de facturation<\/a><\/h6>\n","protected":false},"excerpt":{"rendered":"<p>Les avocats sont soumis au r\u00e9gime de r\u00e8glement extrajudiciaire des litiges, tel que pr\u00e9vu dans le R\u00e8glement du Barreau de<\/p>\n","protected":false},"author":2,"featured_media":0,"parent":0,"menu_order":0,"comment_status":"closed","ping_status":"closed","template":"","meta":{"footnotes":""},"class_list":["post-653","page","type-page","status-publish","hentry"],"_links":{"self":[{"href":"https:\/\/www.fr.schrevens-michiels-law.be\/index.php?rest_route=\/wp\/v2\/pages\/653","targetHints":{"allow":["GET"]}}],"collection":[{"href":"https:\/\/www.fr.schrevens-michiels-law.be\/index.php?rest_route=\/wp\/v2\/pages"}],"about":[{"href":"https:\/\/www.fr.schrevens-michiels-law.be\/index.php?rest_route=\/wp\/v2\/types\/page"}],"author":[{"embeddable":true,"href":"https:\/\/www.fr.schrevens-michiels-law.be\/index.php?rest_route=\/wp\/v2\/users\/2"}],"replies":[{"embeddable":true,"href":"https:\/\/www.fr.schrevens-michiels-law.be\/index.php?rest_route=%2Fwp%2Fv2%2Fcomments&post=653"}],"version-history":[{"count":6,"href":"https:\/\/www.fr.schrevens-michiels-law.be\/index.php?rest_route=\/wp\/v2\/pages\/653\/revisions"}],"predecessor-version":[{"id":1587,"href":"https:\/\/www.fr.schrevens-michiels-law.be\/index.php?rest_route=\/wp\/v2\/pages\/653\/revisions\/1587"}],"wp:attachment":[{"href":"https:\/\/www.fr.schrevens-michiels-law.be\/index.php?rest_route=%2Fwp%2Fv2%2Fmedia&parent=653"}],"curies":[{"name":"wp","href":"https:\/\/api.w.org\/{rel}","templated":true}]}}