{"id":678,"date":"2018-06-22T09:45:00","date_gmt":"2018-06-22T09:45:00","guid":{"rendered":"http:\/\/www.schrevens-michiels-law.be\/?page_id=678"},"modified":"2025-08-14T07:58:10","modified_gmt":"2025-08-14T07:58:10","slug":"algemene","status":"publish","type":"page","link":"https:\/\/www.fr.schrevens-michiels-law.be\/?page_id=678","title":{"rendered":"Termes et conditions"},"content":{"rendered":"<p>Les conditions g\u00e9n\u00e9rales suivantes sont utilis\u00e9es par nos avocats :<\/p>\n<p>\u201cLe client doit payer les avances et le d\u00e9compte final des frais et honoraires de l&#8217;avocat dans un d\u00e9lai de quatorze jours \u00e0 compter de la r\u00e9ception de l&#8217;invitation \u00e0 payer. L&#8217;avocat peut, si cela est n\u00e9cessaire \u00e0 la bonne ex\u00e9cution des services, d\u00e9cider d&#8217;un d\u00e9lai de paiement plus court. Si le client n&#8217;est pas d&#8217;accord avec la provision ou le d\u00e9compte final demand\u00e9, il doit le contester par \u00e9crit dans les quatorze jours suivant sa r\u00e9ception.<\/p>\n<p>Conform\u00e9ment \u00e0 la convention d&#8217;honoraires et aux conditions g\u00e9n\u00e9rales, si le paiement n&#8217;est pas effectu\u00e9 dans le d\u00e9lai susmentionn\u00e9, les int\u00e9r\u00eats de retard et l&#8217;indemnit\u00e9 forfaitaire suivants sont appliqu\u00e9s de plein droit et sans mise en demeure : un int\u00e9r\u00eat de retard de 1 % par mois sur le solde restant d\u00fb, chaque mois entam\u00e9 comptant pour un mois entier, et une indemnit\u00e9 forfaitaire de<\/p>\n<ol>\n<li>20 euros si le solde d\u00fb est inf\u00e9rieur ou \u00e9gal \u00e0 150 euros ;<\/li>\n<li>30 euros plus 10 % du montant d\u00fb sur la tranche comprise entre 150,01 et 500 euros si le solde d\u00fb est compris entre 150,01 et 500 euros ;<\/li>\n<li>65 euros plus 5 % du montant d\u00fb sur la tranche sup\u00e9rieure \u00e0 500 euros avec un maximum de 2000 euros si le solde d\u00fb est sup\u00e9rieur \u00e0 500 euros.<\/li>\n<\/ol>\n<p>Tous les montants dus deviennent imm\u00e9diatement exigibles, quelles que soient les conditions de paiement convenues et m\u00eame s&#8217;ils ne sont pas encore \u00e9chus.\u201d<\/p>\n<h6 style=\"text-align: right;\"><a href=\"http:\/\/www.fr.schrevens-michiels-law.be\/?page_id=465\">Dispositions l\u00e9gales et autres<\/a><\/h6>\n<h6 style=\"text-align: right;\"><a href=\"http:\/\/www.fr.schrevens-michiels-law.be\/?page_id=653\">R\u00e9glement extrajudiciaire des l\u00e9tiges<\/a><\/h6>\n<h6 style=\"text-align: right;\"><strong><span style=\"color: #ff0000;\">\u2192<\/span><\/strong><a href=\"http:\/\/www.fr.schrevens-michiels-law.be\/?page_id=678\">Termes et conditions<\/a><\/h6>\n<h6 style=\"text-align: right;\"><a href=\"http:\/\/www.fr.schrevens-michiels-law.be\/?page_id=658\">Disclaimer<\/a><\/h6>\n<h6 style=\"text-align: right;\"><a href=\"http:\/\/www.fr.schrevens-michiels-law.be\/?page_id=660\">Mod\u00e8le d&#8217;accord<\/a><\/h6>\n<h6 style=\"text-align: right;\"><a href=\"http:\/\/www.fr.schrevens-michiels-law.be\/?page_id=664\">Responsabilit\u00e9 professionnelle<\/a><\/h6>\n<h6 style=\"text-align: right;\"><a href=\"http:\/\/www.fr.schrevens-michiels-law.be\/?page_id=667\">Information de facturation<\/a><\/h6>\n<p>&nbsp;<\/p>\n","protected":false},"excerpt":{"rendered":"<p>Les conditions g\u00e9n\u00e9rales suivantes sont utilis\u00e9es par nos avocats : \u201cLe client doit payer les avances et le d\u00e9compte final<\/p>\n","protected":false},"author":2,"featured_media":0,"parent":0,"menu_order":0,"comment_status":"closed","ping_status":"closed","template":"","meta":{"footnotes":""},"class_list":["post-678","page","type-page","status-publish","hentry"],"_links":{"self":[{"href":"https:\/\/www.fr.schrevens-michiels-law.be\/index.php?rest_route=\/wp\/v2\/pages\/678","targetHints":{"allow":["GET"]}}],"collection":[{"href":"https:\/\/www.fr.schrevens-michiels-law.be\/index.php?rest_route=\/wp\/v2\/pages"}],"about":[{"href":"https:\/\/www.fr.schrevens-michiels-law.be\/index.php?rest_route=\/wp\/v2\/types\/page"}],"author":[{"embeddable":true,"href":"https:\/\/www.fr.schrevens-michiels-law.be\/index.php?rest_route=\/wp\/v2\/users\/2"}],"replies":[{"embeddable":true,"href":"https:\/\/www.fr.schrevens-michiels-law.be\/index.php?rest_route=%2Fwp%2Fv2%2Fcomments&post=678"}],"version-history":[{"count":5,"href":"https:\/\/www.fr.schrevens-michiels-law.be\/index.php?rest_route=\/wp\/v2\/pages\/678\/revisions"}],"predecessor-version":[{"id":1588,"href":"https:\/\/www.fr.schrevens-michiels-law.be\/index.php?rest_route=\/wp\/v2\/pages\/678\/revisions\/1588"}],"wp:attachment":[{"href":"https:\/\/www.fr.schrevens-michiels-law.be\/index.php?rest_route=%2Fwp%2Fv2%2Fmedia&parent=678"}],"curies":[{"name":"wp","href":"https:\/\/api.w.org\/{rel}","templated":true}]}}