{"id":90,"date":"2018-04-23T15:00:07","date_gmt":"2018-04-23T15:00:07","guid":{"rendered":"http:\/\/www.schrevens-michiels-law.be\/?page_id=90"},"modified":"2025-08-14T07:00:12","modified_gmt":"2025-08-14T07:00:12","slug":"michael-schrevens","status":"publish","type":"page","link":"https:\/\/www.fr.schrevens-michiels-law.be\/?page_id=90","title":{"rendered":"Micha\u00ebl Schrevens"},"content":{"rendered":"<p><img loading=\"lazy\" decoding=\"async\" class=\"size-medium wp-image-738 alignleft\" src=\"http:\/\/www.fr.schrevens-michiels-law.be\/wp-content\/uploads\/2018\/09\/Micha\u00ebl-e1535838760153-200x300.jpg\" alt=\"\" width=\"200\" height=\"300\" srcset=\"https:\/\/www.fr.schrevens-michiels-law.be\/wp-content\/uploads\/2018\/09\/Micha\u00ebl-e1535838760153-200x300.jpg 200w, https:\/\/www.fr.schrevens-michiels-law.be\/wp-content\/uploads\/2018\/09\/Micha\u00ebl-e1535838760153-768x1152.jpg 768w, https:\/\/www.fr.schrevens-michiels-law.be\/wp-content\/uploads\/2018\/09\/Micha\u00ebl-e1535838760153-682x1024.jpg 682w, https:\/\/www.fr.schrevens-michiels-law.be\/wp-content\/uploads\/2018\/09\/Micha\u00ebl-e1535838760153.jpg 1750w\" sizes=\"auto, (max-width: 200px) 100vw, 200px\" \/><\/p>\n<p><strong>Me. Schrevens<\/strong> est n\u00e9 \u00e0 Louvain le 19\/10\/1969.<\/p>\n<p>Me. Schrevens est titulaire d\u2019une licence en droit de l\u2019Universit\u00e9 de Louvain Cum Laude apr\u00e8s avoir obtenu le dipl\u00f4me de &#8220;Candidat en droit&#8221; de la m\u00eame universit\u00e9.<\/p>\n<p>Me. Schrevens a ainsi suivi une &#8220;\u00e9tude approfondie du droit intellectuel&#8221; au Centre de recherches en droit. &#8211; I.C.R.I. de l\u2019Universit\u00e9 de Louvain pendant l\u2019ann\u00e9e 1991-1992.<\/p>\n<p>Il a obtenu le &#8220;Certificat de formation Supralat &#8211; Salduz&#8221; en 2019.<\/p>\n<p>Il a commenc\u00e9 sa carri\u00e8re professionnel au barreau de Louvain le 1<sup>er<\/sup> octobre 1992. Il a cr\u00e9\u00e9 son propre bureau en 1992 o\u00f9 il est actuellement actionnaire et Managing Partner.<\/p>\n<p>De 1995 \u00e0 1997, il a travaill\u00e9 comme conseiller juridique \u00e0 l\u2019Universit\u00e9 catholique de Louvain.<\/p>\n<p>Il a \u00e9t\u00e9 pendant de nombreuses ann\u00e9es un auteur r\u00e9gulier de la maison d&#8217;\u00e9dition Indicator NV \u00e0 Louvain et a enseign\u00e9 comme professeur invit\u00e9 droit des assurances \u00e0 l&#8217;UCLL (University Colleges Leuven &#8211; Limbourg) pendant la p\u00e9riode fevrier 2022 &#8211; ao\u00fbt 2022.<\/p>\n<hr \/>\n<h4 style=\"text-align: center;\"><a href=\"http:\/\/www.fr.schrevens-michiels-law.be\/?page_id=1387\">What clients say &#8230;<\/a><\/h4>\n<hr \/>\n<p>Outre ses activit\u00e9s professionnelles en tant qu&#8217;avocat, Me. Schrevens est actuellement \u00e9galement :<\/p>\n<ul>\n<li>avocat collaborateur (en tant que l&#8217;un des pionniers, il a obtenu le certificat n\u00e9cessaire en 2020).<\/li>\n<li>membre de la Commission mixte de protection juridique (CMP Saisine).<\/li>\n<li>membre du Conseil de discipline des barreaux du ressort de la cour d&#8217;appel de Bruxelles.<\/li>\n<li>juge suppl\u00e9ant aupr\u00e8s de la Justice de Paix du canton de Diest, Tienen et Zoutleeuw.<\/li>\n<li>lecteur \u00e0 la UCLL \u00e0 Louvain.<\/li>\n<\/ul>\n<p>Me. Schrevens s&#8217;int\u00e9resse particuli\u00e8rement pour le droit des assurances, le droit de la responsabilit\u00e9, le droit commercial, le droit des contrats, le commerce \u00e9lectronique et le droit de l&#8217;informatique. Cependant, il g\u00e8re \u00e9galement des dossiers dans d&#8217;autres domaines juridiques.<\/p>\n<p>Il travaille en n\u00e9erlandais, anglais et fran\u00e7ais.<\/p>\n<p>Me. Schrevens est actuellement inscrit au tableau des avocats du barreau de Louvain et du barreau de Flandre-Occidentale.<strong><br \/>\n<\/strong>Son num\u00e9ro d&#8217;entreprise personnelle est le 0816.837.592.<\/p>\n","protected":false},"excerpt":{"rendered":"<p>Me. Schrevens est n\u00e9 \u00e0 Louvain le 19\/10\/1969. Me. Schrevens est titulaire d\u2019une licence en droit de l\u2019Universit\u00e9 de Louvain<\/p>\n","protected":false},"author":2,"featured_media":0,"parent":73,"menu_order":0,"comment_status":"closed","ping_status":"closed","template":"","meta":{"footnotes":""},"class_list":["post-90","page","type-page","status-publish","hentry"],"_links":{"self":[{"href":"https:\/\/www.fr.schrevens-michiels-law.be\/index.php?rest_route=\/wp\/v2\/pages\/90","targetHints":{"allow":["GET"]}}],"collection":[{"href":"https:\/\/www.fr.schrevens-michiels-law.be\/index.php?rest_route=\/wp\/v2\/pages"}],"about":[{"href":"https:\/\/www.fr.schrevens-michiels-law.be\/index.php?rest_route=\/wp\/v2\/types\/page"}],"author":[{"embeddable":true,"href":"https:\/\/www.fr.schrevens-michiels-law.be\/index.php?rest_route=\/wp\/v2\/users\/2"}],"replies":[{"embeddable":true,"href":"https:\/\/www.fr.schrevens-michiels-law.be\/index.php?rest_route=%2Fwp%2Fv2%2Fcomments&post=90"}],"version-history":[{"count":13,"href":"https:\/\/www.fr.schrevens-michiels-law.be\/index.php?rest_route=\/wp\/v2\/pages\/90\/revisions"}],"predecessor-version":[{"id":1506,"href":"https:\/\/www.fr.schrevens-michiels-law.be\/index.php?rest_route=\/wp\/v2\/pages\/90\/revisions\/1506"}],"up":[{"embeddable":true,"href":"https:\/\/www.fr.schrevens-michiels-law.be\/index.php?rest_route=\/wp\/v2\/pages\/73"}],"wp:attachment":[{"href":"https:\/\/www.fr.schrevens-michiels-law.be\/index.php?rest_route=%2Fwp%2Fv2%2Fmedia&parent=90"}],"curies":[{"name":"wp","href":"https:\/\/api.w.org\/{rel}","templated":true}]}}