{"id":92,"date":"2018-04-23T15:00:19","date_gmt":"2018-04-23T15:00:19","guid":{"rendered":"http:\/\/www.schrevens-michiels-law.be\/?page_id=92"},"modified":"2023-02-23T13:43:16","modified_gmt":"2023-02-23T13:43:16","slug":"nadia-michiels","status":"publish","type":"page","link":"https:\/\/www.fr.schrevens-michiels-law.be\/?page_id=92","title":{"rendered":"Nadia Michiels"},"content":{"rendered":"<p><img loading=\"lazy\" decoding=\"async\" class=\"size-medium wp-image-740 alignleft\" src=\"http:\/\/www.fr.schrevens-michiels-law.be\/wp-content\/uploads\/2018\/09\/Nadia-e1535838908980-200x300.jpg\" alt=\"\" width=\"200\" height=\"300\" srcset=\"https:\/\/www.fr.schrevens-michiels-law.be\/wp-content\/uploads\/2018\/09\/Nadia-e1535838908980-200x300.jpg 200w, https:\/\/www.fr.schrevens-michiels-law.be\/wp-content\/uploads\/2018\/09\/Nadia-e1535838908980-768x1152.jpg 768w, https:\/\/www.fr.schrevens-michiels-law.be\/wp-content\/uploads\/2018\/09\/Nadia-e1535838908980-682x1024.jpg 682w, https:\/\/www.fr.schrevens-michiels-law.be\/wp-content\/uploads\/2018\/09\/Nadia-e1535838908980.jpg 1750w\" sizes=\"auto, (max-width: 200px) 100vw, 200px\" \/><\/p>\n<p>Me. Michiels est n\u00e9e \u00e0 Louvain le 13\/10\/1968.<\/p>\n<p>Me. Michiels est titulaire d\u2019une licence en droit de l\u2019Universit\u00e9 de Louvain, Cum Laude, apr\u00e8s avoir obtenu le dipl\u00f4me de &#8220;Candidat en droit&#8221; de la m\u00eame universit\u00e9.<\/p>\n<p>En 1999-2000, elle a suivi la formation de m\u00e9diation post-universitaire en mati\u00e8re familiale et est &#8220;avocat-m\u00e9diateur reconnue dans les affaires familiales &#8220;depuis le 27 juin 2000.<\/p>\n<p>Elle est \u00e9galement titulaire du &#8220;Certificat de formation sp\u00e9ciale en droit de la jeunesse&#8221; depuis 2012\u00a0et du &#8220;Certificat de formation Supralat &#8211; Salduz&#8221; depuis 2019.<\/p>\n<p>Elle\u00a0 a commenc\u00e9 sa carri\u00e8re professionnelle au barreau de Louvain le 1er octobre 1991.<br \/>\nEn 1998, elle a rejoint le cabinet d\u2019avocats Schrevens &amp; Michiels, o\u00f9 elle est actuellement actionnaire et Managing Partner.<\/p>\n<p>Me Michiels a enseign\u00e9 au Campus Syntra de Louvain de 1999 \u00e0 2004.<br \/>\nEn outre, elle a \u00e9t\u00e9 pendant de nombreuses ann\u00e9es une auteur r\u00e9guli\u00e8re \u00e0 la Publisher Indicator NV \u00e9tablie \u00e0 Louvain pour laquelle elle travaille toujours en tant qu&#8217;auteur ind\u00e9pendante.<br \/>\nPendant la p\u00e9riode 2008 \u00e0 2012, elle a enseign\u00e9 \u00e0 l&#8217;\u00e9cole de stages pour avocats stagiaires du barreau de Louvain. A partir de 2021 elle est assistant de pratique personnes, familles et droit des bien familiaux\u00a0 et \u00e9citure juridique \u00e0 l&#8217;universit\u00e9 UHasselt.<\/p>\n<p>Outre ses activit\u00e9s professionnelles en tant qu\u2019avocat, Me. Michiels est actuellement \u00e9galement :<\/p>\n<ul>\n<li>avocat collaborateur depuis 2020.<\/li>\n<li>avocat ombudsman pour les litiges de consommation depuis 2016.<\/li>\n<li>juge suppl\u00e9ant aupr\u00e8s de la Justice de Paix du deuxi\u00e8me canton de Louvain.<\/li>\n<li>assistant de pratique \u00e0 UHasselt<\/li>\n<\/ul>\n<p>Me. Michiels s&#8217;int\u00e9resse particuli\u00e8rement au droit des personnes, au droit de la famille et au droit des bien familiaux au sens large, au droit de la jeunesse, au droit du travail et de la s\u00e9curit\u00e9 sociale et \u00e0 la m\u00e9diation en mati\u00e8re familiale. Cependant, elle g\u00e8re \u00e9galement les dossiers dans d&#8217;autres domaines juridiques.<\/p>\n<p>Me. Michiels traite des dossiers en n\u00e9erlandais, fran\u00e7ais et anglais et se connait aussi en langue allemand et italien, en partie gr\u00e2ce \u00e0 des formations dispens\u00e9es au Centre for Living Languages \u200b\u200bde l&#8217;Universit\u00e9 catholique de Louvain.<\/p>\n<p>Me. Michiels est actuellement inscrite au tableau des avocats du barreau de Louvain et au barreau de Flandre-Occidentale.<br \/>\nSon num\u00e9ro d&#8217;entreprise personnelle est le 0816.838.186.<\/p>\n","protected":false},"excerpt":{"rendered":"<p>Me. Michiels est n\u00e9e \u00e0 Louvain le 13\/10\/1968. Me. Michiels est titulaire d\u2019une licence en droit de l\u2019Universit\u00e9 de Louvain,<\/p>\n","protected":false},"author":2,"featured_media":0,"parent":73,"menu_order":0,"comment_status":"closed","ping_status":"closed","template":"","meta":{"footnotes":""},"class_list":["post-92","page","type-page","status-publish","hentry"],"_links":{"self":[{"href":"https:\/\/www.fr.schrevens-michiels-law.be\/index.php?rest_route=\/wp\/v2\/pages\/92","targetHints":{"allow":["GET"]}}],"collection":[{"href":"https:\/\/www.fr.schrevens-michiels-law.be\/index.php?rest_route=\/wp\/v2\/pages"}],"about":[{"href":"https:\/\/www.fr.schrevens-michiels-law.be\/index.php?rest_route=\/wp\/v2\/types\/page"}],"author":[{"embeddable":true,"href":"https:\/\/www.fr.schrevens-michiels-law.be\/index.php?rest_route=\/wp\/v2\/users\/2"}],"replies":[{"embeddable":true,"href":"https:\/\/www.fr.schrevens-michiels-law.be\/index.php?rest_route=%2Fwp%2Fv2%2Fcomments&post=92"}],"version-history":[{"count":10,"href":"https:\/\/www.fr.schrevens-michiels-law.be\/index.php?rest_route=\/wp\/v2\/pages\/92\/revisions"}],"predecessor-version":[{"id":1385,"href":"https:\/\/www.fr.schrevens-michiels-law.be\/index.php?rest_route=\/wp\/v2\/pages\/92\/revisions\/1385"}],"up":[{"embeddable":true,"href":"https:\/\/www.fr.schrevens-michiels-law.be\/index.php?rest_route=\/wp\/v2\/pages\/73"}],"wp:attachment":[{"href":"https:\/\/www.fr.schrevens-michiels-law.be\/index.php?rest_route=%2Fwp%2Fv2%2Fmedia&parent=92"}],"curies":[{"name":"wp","href":"https:\/\/api.w.org\/{rel}","templated":true}]}}